Let f = -15 + x. Let y = f - 5. List the prime factors of y.
3
Let x = 0 - -3. Suppose -11 - 34 = -x*c. List the prime factors of c.
3, 5
Let l(v) = 4*v - 26. Let p be l(11). Let h = 12 - 25. Let g = p + h. List the prime factors of g.
5
Let o(z) = z**3 + 11*z**2 - 14*z + 6. What are the prime factors of o(-12)?
2, 3, 5
Let f = -6 - 2. Let w = -6 - f. Suppose -5*t + w*j + 3*j = -55, -4 = t + 4*j. List the prime factors of t.
2
Let n be (-8)/(-1 - 1) - 1. Let k(h) = -h**3 + 4*h**2 + 4*h - 3. Let c be k(4). Suppose -n*p + c = -2*p. List the prime factors of p.
13
Let k(p) = 10*p - 6*p + 0*p + 2*p**2 + 2. List the prime factors of k(-4).
2, 3
Let m(s) = -20*s**2 - 29*s - 6. Let g(h) = -7*h**2 - 10*h - 2. Let k(b) = 17*g(b) - 6*m(b). What are the prime factors of k(-4)?
2
Suppose 4*d + 4*s - 4 = 0, 4*d + 3 = -d + 3*s. Suppose 0 = o + 4*r - 4, d = 2*o + r - 6*r + 5. Suppose m - 15 = -o*m. List the prime factors of m.
3, 5
Suppose 99 + 120 = 3*k. List the prime factors of k.
73
Let p(g) = 8*g**2 + 12*g + 8. What are the prime factors of p(-5)?
2, 37
Let q = 22 + -6. Let r = q + -11. Suppose -r*s - 25 = -5*k, -2*k + s + 15 = -0*k. What are the prime factors of k?
2, 5
Suppose 0 = -2*j, -8 = -2*m + 2*j - 7*j. Suppose 3*g - 2*g = -5*x + 9, -g = -m*x. What are the prime factors of g?
2
Let w(i) = -5*i - 3. List the prime factors of w(-6).
3
Let m(t) = 2*t**2 - 3*t. Let g be m(3). Suppose -x = -15 - g. What are the prime factors of x?
2, 3
Let k = 65 + 18. What are the prime factors of k?
83
Let h(s) = 3*s**3 + s**2 + 2*s + 2. Let w(q) = -q**3 + q**2 + q - 1. Let k(u) = -h(u) - 4*w(u). List the prime factors of k(6).
2
Let y(o) = -6*o + 1. What are the prime factors of y(-5)?
31
Suppose -5*f - 1 = 4*y, 3*y - 4 = 2*y + 3*f. What are the prime factors of y - 4/(8/(-18))?
2, 5
Suppose u - 15 - 23 = 4*g, 5*g = u - 47. What are the prime factors of (-12)/g + 6/9?
2
Suppose 5*s = -11 - 9. Let z(w) = w**3 + 6*w**2 + 4*w + 3. List the prime factors of z(s).
19
What are the prime factors of (-1 - (-18)/(-4))/((-2)/84)?
3, 7, 11
Let n = 4 - 1. Let s = n - 22. Let f = s + 41. What are the prime factors of f?
2, 11
Let n be (-3)/((-18)/(-4))*12. Let i = 16 + n. What are the prime factors of i?
2
Let r = 13 + 44. List the prime factors of r.
3, 19
Let l(z) = 0*z**2 - 3*z + z**2 + 0 - 1. Let t be -1*4 + -1 + 3. List the prime factors of l(t).
3
Let v = 24 + -14. Let t = v - 0. List the prime factors of t.
2, 5
Let g(w) = w**3 + 7*w**2 - w - 2. What are the prime factors of g(-6)?
2, 5
Suppose -5*g + 4*l = 5, 0 = -2*l - 2*l + 20. List the prime factors of g.
3
What are the prime factors of (-1 - 0)*4 + 2 - -117?
5, 23
Let n = -103 + 231. List the prime factors of n.
2
Let w = 58 + 32. What are the prime factors of w?
2, 3, 5
Let q(s) = -s + 22. Let p be (-4)/(-10) - (-26)/(-65). What are the prime factors of q(p)?
2, 11
Let w = -5 - -8. Let k be (2 - w)/((-3)/45). Let x = -3 + k. What are the prime factors of x?
2, 3
Suppose 5*m + 4*p - 15 = 2*p, -2*p + 8 = -2*m. Suppose -o = m - 9. What are the prime factors of o?
2
Let u(b) = 19*b + 2. Let o(n) = -75*n - 9. Let v(i) = -2*o(i) - 9*u(i). List the prime factors of v(-1).
3, 7
Suppose 3*b = -2*o - 4, 2*b + 28 = 5*o - 0. Let z(j) = 2*j - j**3 + 4*j**3 + 2 - 4*j**3 - 3*j**2. What are the prime factors of z(b)?
2, 5
Let p = 558 - 383. What are the prime factors of p?
5, 7
Suppose 0 = 3*c - 22 - 2. Suppose 2*w + c = 4*w. What are the prime factors of w?
2
Let g be ((-13)/(-2))/((-2)/(-4)). Suppose -7 = -5*k + g. What are the prime factors of k?
2
Suppose -3*s = -5*s + 154. What are the prime factors of s?
7, 11
Let x(n) = n + 14. Let o be x(0). Suppose -d + o = -3*d. List the prime factors of (-79)/d - 4/14.
11
Let n(m) be the first derivative of 12*m**4 - m**3/3 + m**2/2 + 1. Let i be n(1). Suppose -2*r - i = -6*r. List the prime factors of r.
2, 3
Let j(h) = 0*h + h + 1 - 2 + 0. List the prime factors of j(9).
2
Let v(u) = -u + 6. Let y be v(5). Suppose 22 = 3*h + y. List the prime factors of h.
7
Let u be 7 + -4 - (1 - 0). Suppose -7 = -a - u. What are the prime factors of a?
5
List the prime factors of (4 + -2)*(8 - 10) + 39.
5, 7
Let n(u) = 2*u - 1 - 4 - 1 + 0. Let f(s) = -s + 1. Let x(b) = -5*f(b) - n(b). What are the prime factors of x(5)?
2
Let i be ((-40)/(-12))/((-1)/(-141)). List the prime factors of (-4)/6 + i/30.
3, 5
Suppose 4*v + 2*n = -v + 473, -v + 89 = -n. List the prime factors of v.
3, 31
Suppose 0 = -g + 7 + 9. Let u = g + -8. What are the prime factors of u?
2
Suppose -37 = 4*i + 19. Let x(g) = -g**3 - 15*g**2 - 14*g + 20. List the prime factors of x(i).
2, 5
What are the prime factors of -5*(-2)/5 + 53?
5, 11
Let l(o) = -34*o**3 + o**2 + o + 1. Let z be l(-1). Let c = 125 - z. Suppose -3*w + 8*w = c. What are the prime factors of w?
2, 3
Suppose 0*v + 2*v = 74. Suppose 4*z = q + 16, -q - 4*z + v - 13 = 0. Suppose 0 = -0*b - 2*b - 10, 3*p + q*b = -2. What are the prime factors of p?
2, 3
Let j(u) = u**2 + 3*u + 3. Let h be 0 - 4 - (2 - 2). Let w be j(h). Let s = w + 3. What are the prime factors of s?
2, 5
Suppose 51*s - 1580 = 46*s. List the prime factors of s.
2, 79
Let z(g) = g**3 - 7*g**2 + 6*g - 7. List the prime factors of z(7).
5, 7
Let w = 3 - 0. Suppose -w - 15 = -h. Let q = -12 + h. List the prime factors of q.
2, 3
Let y(s) be the third derivative of s**6/30 - s**5/15 + s**4/8 + 5*s**2. What are the prime factors of y(2)?
2, 11
Suppose -5*o + 20 = -4*y, 3*y + 6*o = 2*o + 16. Suppose 46 = w - 0*w - 4*t, y = 3*w + 3*t - 168. What are the prime factors of w?
2, 3
Suppose d = -4*d + 3*z - 39, 0 = 4*d + 3*z + 42. Let x = 20 - d. List the prime factors of x.
29
Suppose -2*f - 3 = p, -9 - 3 = f + 4*p. Suppose f = 2*n + 3*n - 120. List the prime factors of n.
2, 3
Let a(t) = 2*t - 14. What are the prime factors of a(9)?
2
Suppose 0 = 11*k - 13*k + 196. List the prime factors of k.
2, 7
Let h(o) = o**2 + o - 11. What are the prime factors of h(6)?
31
Let c(g) = g + 1. Let k(s) be the third derivative of s**4/8 + 2*s**3 - s**2. Let b(x) = 9*c(x) - k(x). List the prime factors of b(2).
3
Let p be (-3)/(3/2) - -2. Suppose p*a - 3*q = 3*a - 18, -5*a - 3*q + 32 = 0. Let i = a - 2. List the prime factors of i.
5
Suppose 0 = -3*y - y + 20. Suppose i + 20 = y*i. List the prime factors of i.
5
Suppose -28 = -6*s + 74. What are the prime factors of s?
17
Let o = 67 + -6. What are the prime factors of o?
61
Suppose 0*i + 3*i - 15 = 0. Suppose -2*n = -4*s + 13 + 25, -i*s + 41 = 4*n. List the prime factors of s.
3
Let b(v) = v**3 - 6*v**2 + 7*v. What are the prime factors of b(6)?
2, 3, 7
Suppose -69*h = -66*h - 456. What are the prime factors of h?
2, 19
Suppose -7*q = -3*q - 36. List the prime factors of q.
3
Suppose 3*v - 5*a = 46, -36 + 88 = 4*v - 2*a. What are the prime factors of v?
2, 3
Let h = 1 + 2. Let d = 10 + h. What are the prime factors of d?
13
Let d be (-1)/(-5) - 9/(-5). Suppose -d*k - 5 = -11. What are the prime factors of 43/3 + (-1)/k?
2, 7
Suppose -10 = 4*l - 14. Let p = 5 + l. What are the prime factors of p?
2, 3
Let m be ((-2)/(-6))/((-6)/(-54)). Let s(h) = 11*h + 2. Let x be s(m). Suppose -4*g = -0*g + 5*v - x, -3*g + 3*v = -33. List the prime factors of g.
2, 5
Suppose 5*z + 55 = -2*u + u, u = 2*z - 62. What are the prime factors of (4/(-3))/(10/u)?
2
Suppose -1227 = -4*i + 3*v, 2*i = -0*i + 2*v + 612. What are the prime factors of i?
3, 103
Let g be -5*4*9/(-30). Let x = -1 - -2. Suppose 4*z = v - 6, -3*z + g = 5*v - x. List the prime factors of v.
2
What are the prime factors of 4 + 76 - 0/(-2)?
2, 5
Let l(x) be the first derivative of 1 + 17*x + 0*x**2 + 1/3*x**3 - 1/4*x**4. What are the prime factors of l(0)?
17
Let z(y) = -y**2 + 8*y - 7. Suppose -v + 2*l = 3, 5*l - 4 - 2 = v. Let g(c) = -5*c**3 - c**2 + 1. Let r be g(v). What are the prime factors of z(r)?
2
Let m = -12 - -51. What are the prime factors of m?
3, 13
Let a(z) = z + 2. Suppose -4*r - 4 = -2*r. Let w be a(r). Suppose 0 = -3*j - j + 3*v + 36, w = -2*v. List the prime factors of j.
3
Suppose -3*g + 6 + 69 = 0. List the prime factors of g.
5
What are the prime factors of (0 - (-6)/5)/((-26)/(-3965))?
3, 61
Let x = 12 - 6. Let w be ((-1)/(-3))/(1/x). Let i = w - -9. What are the prime factors of i?
11
What are the prim